75 is divided by 8?
7
Calculate the remainder when 334257 is divided by 391.
343
Calculate the remainder when 775379 is divided by 91.
59
Calculate the remainder when 320397 is divided by 1370.
1187
Calculate the remainder when 498755316 is divided by 7945.
7941
Calculate the remainder when 113015498 is divided by 16145069.
15
What is the remainder when 988092 is divided by 98804?
52
Calculate the remainder when 190956 is divided by 2202.
1584
Calculate the remainder when 3528944 is divided by 2165.
2159
Calculate the remainder when 63153 is divided by 8487.
3744
What is the remainder when 4808302 is divided by 188?
14
Calculate the remainder when 2177263 is divided by 1344.
1327
What is the remainder when 902854 is divided by 902797?
57
What is the remainder when 15577727 is divided by 1946?
1943
Calculate the remainder when 1199540 is divided by 75.
65
What is the remainder when 173141 is divided by 94?
87
What is the remainder when 7144073 is divided by 22?
13
What is the remainder when 541912 is divided by 31?
1
Calculate the remainder when 1688760 is divided by 33.
18
Calculate the remainder when 80728 is divided by 301.
60
What is the remainder when 820958 is divided by 2127?
2063
What is the remainder when 16377 is divided by 1360?
57
Calculate the remainder when 1433190 is divided by 34122.
66
Calculate the remainder when 39122 is divided by 2064.
1970
Calculate the remainder when 166847 is divided by 1451.
1433
What is the remainder when 255073 is divided by 219?
157
Calculate the remainder when 362521 is divided by 181219.
83
What is the remainder when 9474784 is divided by 5356?
20
Calculate the remainder when 528546 is divided by 10786.
32
Calculate the remainder when 38945 is divided by 19217.
511
Calculate the remainder when 112850863 is divided by 6162.
6157
Calculate the remainder when 1722003 is divided by 446.
443
What is the remainder when 33824206 is divided by 44?
42
What is the remainder when 33235 is divided by 6634?
65
What is the remainder when 42581 is divided by 2511?
2405
Calculate the remainder when 773126 is divided by 39.
29
What is the remainder when 237929 is divided by 499?
405
Calculate the remainder when 14929945 is divided by 436.
433
Calculate the remainder when 708418 is divided by 708354.
64
Calculate the remainder when 96240 is divided by 289.
3
What is the remainder when 30367 is divided by 14973?
421
What is the remainder when 7977447 is divided by 18?
9
Calculate the remainder when 4706640 is divided by 595.
190
Calculate the remainder when 11328672 is divided by 122.
118
Calculate the remainder when 695984 is divided by 347990.
4
What is the remainder when 25441193 is divided by 5088236?
13
Calculate the remainder when 480042 is divided by 3850.
2642
What is the remainder when 1954179651 is divided by 61?
60
What is the remainder when 1009827 is divided by 17366?
2599
Calculate the remainder when 949217 is divided by 1281.
1277
Calculate the remainder when 863774 is divided by 2198.
2158
What is the remainder when 5399877 is divided by 87094?
49
What is the remainder when 38517 is divided by 37658?
859
What is the remainder when 22742919 is divided by 3893?
13
What is the remainder when 335896 is divided by 664?
576
What is the remainder when 16181997 is divided by 900?
897
Calculate the remainder when 217789 is divided by 611.
273
What is the remainder when 37967065 is divided by 49891?
14
What is the remainder when 45067726 is divided by 6438244?
18
What is the remainder when 38691 is divided by 1246?
65
What is the remainder when 130939 is divided by 43489?
472
What is the remainder when 568186 is divided by 4280?
3226
What is the remainder when 20113 is divided by 696?
625
Calculate the remainder when 470232 is divided by 470204.
28
Calculate the remainder when 482151 is divided by 3758.
1127
What is the remainder when 727358 is divided by 6736?
6606
Calculate the remainder when 2787262 is divided by 221.
10
What is the remainder when 172880 is divided by 34576?
0
Calculate the remainder when 17256 is divided by 3385.
331
Calculate the remainder when 330467 is divided by 8261.
27
What is the remainder when 4400997 is divided by 125?
122
What is the remainder when 134860 is divided by 1210?
550
Calculate the remainder when 361552 is divided by 21.
16
Calculate the remainder when 2537501 is divided by 845827.
20
Calculate the remainder when 6255 is divided by 5927.
328
What is the remainder when 4695884 is divided by 1818?
1808
Calculate the remainder when 7782918 is divided by 503.
502
Calculate the remainder when 648151 is divided by 1286.
7
Calculate the remainder when 121124530 is divided by 37.
35
Calculate the remainder when 27686325 is divided by 79.
64
Calculate the remainder when 1660310 is divided by 1440.
1430
Calculate the remainder when 5594201 is divided by 8.
1
Calculate the remainder when 2453197 is divided by 676.
669
Calculate the remainder when 24727819 is divided by 8242604.
7
What is the remainder when 83893690 is divided by 382?
378
Calculate the remainder when 442003 is divided by 441964.
39
Calculate the remainder when 12926662 is divided by 41037.
7
What is the remainder when 224832 is divided by 2333?
864
What is the remainder when 260533350 is divided by 76?
30
What is the remainder when 1188067 is divided by 97?
11
Calculate the remainder when 446918 is divided by 111698.
126
What is the remainder when 5691451 is divided by 251?
26
What is the remainder when 73268728 is divided by 9158591?
0
What is the remainder when 381398 is divided by 189761?
1876
Calculate the remainder when 2422982 is divided by 53.
34
What is the remainder when 5239293 is divided by 32?
29
What is the remainder when 10403161 is divided by 49?
20
Calculate the remainder when 4776387 is divided by 65.
57
Calculate the remainder when 58158015 is divided by 688.
687
What is the remainder when 89282481 is divided by 205720?
1
Calculate the remainder when 12444 is divided by 3933.
645
What is the remainder when 77064 is divided by 439?
239
What is the remainder when 1591240003 is divided by 45?
43
What is the remainder when 83768 is divided by 3987?
41
What is the remainder when 276318 is divided by 427?
49
Calculate the remainder when 223597 is divided by 2484.
37
Calculate the remainder when 35984347 is divided by 542.
425
What is the remainder when 5163208 is divided by 45?
43
Calculate the remainder when 18611 is divided by 5704.
1499
What is the remainder when 663341 is divided by 565?
31
Calculate the remainder when 15327579 is divided by 5242.
5213
What is the remainder when 1115341 is divided by 8?
5
What is the remainder when 123979 is divided by 1059?
76
What is the remainder when 120151 is divided by 8006?
61
What is the remainder when 402597 is divided by 229?
15
Calculate the remainder when 575958 is divided by 95974.
114
Calculate the remainder when 246724723 is divided by 19.
14
What is the remainder when 35443 is divided by 663?
304
What is the remainder when 133275 is divided by 167?
9
What is the remainder when 3113288 is divided by 2861?
520
Calculate the remainder when 2168391 is divided by 361392.
39
Calculate the remainder when 209148 is divided by 51849.
1752
Calculate the remainder when 3334653 is divided by 1293.
6
Calculate the remainder when 3105076 is divided by 870.
46
Calculate the remainder when 51844 is divided by 9716.
3264
Calculate the remainder when 540815 is divided by 270361.
93
What is the remainder when 321406 is divided by 408?
310
Calculate the remainder when 88972089 is divided by 6.
3
What is the remainder when 6379940 is divided by 4159?
34
What is the remainder when 118652 is divided by 2466?
284
What is the remainder when 2018023 is divided by 504493?
51
Calculate the remainder when 8257895 is divided by 658.
653
Calculate the remainder when 815839 is divided by 399.
283
Calculate the remainder when 37805 is divided by 5889.
2471
Calculate the remainder when 3981744 is divided by 81260.
4
Calculate the remainder when 348127857 is divided by 551.
547
Calculate the remainder when 12868469 is divided by 36.
17
What is the remainder when 57778 is divided by 530?
8
Calculate the remainder when 485923 is divided by 479224.
6699
Calculate the remainder when 